{"id":914,"date":"2022-12-17T08:40:41","date_gmt":"2022-12-17T08:40:41","guid":{"rendered":"https:\/\/pawolotek.com\/?page_id=914"},"modified":"2022-12-17T08:45:05","modified_gmt":"2022-12-17T08:45:05","slug":"mentions-legales","status":"publish","type":"page","link":"https:\/\/pawolotek.com\/index.php\/mentions-legales\/","title":{"rendered":"Mentions l\u00e9gales"},"content":{"rendered":"\t\t<div data-elementor-type=\"wp-page\" data-elementor-id=\"914\" class=\"elementor elementor-914\" data-elementor-post-type=\"page\">\n\t\t\t\t\t\t<section class=\"elementor-section elementor-top-section elementor-element elementor-element-e85ca68 elementor-section-boxed elementor-section-height-default elementor-section-height-default qodef-elementor-content-no\" data-id=\"e85ca68\" data-element_type=\"section\" data-e-type=\"section\">\n\t\t\t\t\t\t<div class=\"elementor-container elementor-column-gap-default\">\n\t\t\t\t\t<div class=\"elementor-column elementor-col-100 elementor-top-column elementor-element elementor-element-b130ea6\" data-id=\"b130ea6\" data-element_type=\"column\" data-e-type=\"column\">\n\t\t\t<div class=\"elementor-widget-wrap elementor-element-populated\">\n\t\t\t\t\t\t<div class=\"elementor-element elementor-element-1e23f1f elementor-widget elementor-widget-text-editor\" data-id=\"1e23f1f\" data-element_type=\"widget\" data-e-type=\"widget\" data-widget_type=\"text-editor.default\">\n\t\t\t\t<div class=\"elementor-widget-container\">\n\t\t\t\t\t\t\t\t\t<div>\n<div>Mentions L\u00e9gales<\/div>\n<div>Conform\u00e9ment aux dispositions des Articles 6-III et 19 de la Loi n\u00b02004-575 du 21 juin 2004 pour la Confiance dans l\u2019\u00e9conomie num\u00e9rique, dite L.C.E.N., il est port\u00e9 \u00e0 la connaissance des utilisateurs et visiteurs du site pawolotek.com les pr\u00e9sentes mentions l\u00e9gales.<\/div>\n<div>&nbsp;<\/div><div>Le site pawolotek.com est accessible \u00e0 l\u2019adresse suivante : www.pawolotek.com (ci-apr\u00e8s \u201cle Site\u201d). L\u2019acc\u00e8s et l\u2019utilisation du Site sont soumis aux pr\u00e9sentes \u201d Mentions l\u00e9gales\u201d d\u00e9taill\u00e9es ci-apr\u00e8s ainsi qu\u2019aux lois et\/ou r\u00e8glements applicables.<\/div>\n<div>&nbsp;<\/div>\n<p><\/p>\n<div>La connexion, l\u2019utilisation et l\u2019acc\u00e8s \u00e0 ce Site impliquent l\u2019acceptation int\u00e9grale et sans r\u00e9serve de l\u2019internaute de toutes les dispositions des pr\u00e9sentes Mentions L\u00e9gales.<\/div>\n<div>&nbsp;<\/div>\n<p><\/p>\n<div>ARTICLE 1 \u2013 INFORMATIONS L\u00c9GALES<\/div>\n<div>&nbsp;<\/div>\n<p><\/p>\n<div>En vertu de l\u2019Article 6 de la Loi n\u00b0 2004-575 du 21 juin 2004 pour la confiance dans l\u2019\u00e9conomie num\u00e9rique, il est pr\u00e9cis\u00e9 dans cet article l\u2019identit\u00e9 des diff\u00e9rents intervenants dans le cadre de sa r\u00e9alisation et de son suivi.<\/div>\n<div>&nbsp;<\/div>\n<p><\/p>\n<div>A. Editeur du site<\/div>\n<div>&nbsp;<\/div>\n<div>Le site pawolotek.com est \u00e9dit\u00e9 par :<\/div>\n<div>&nbsp;<\/div>\n<div>NADIA MILLET &#8211; DIGITALYME<\/div>\n<div>ayant son si\u00e8ge social \u00e0 l\u2019adresse suivante : 62 rue des Champs du Four, 78700 Conflans-Sainte-Honorine, et immatricul\u00e9e au num\u00e9ro suivant : 89293496900015.<\/div>\n<div>&nbsp;<\/div>\n<div>&nbsp;<\/div>\n<div>T\u00e9l\u00e9phone : 0610251164<\/div>\n<div>&nbsp;<\/div>\n<div>Adresse e-mail : contact@digitalyme.fr<\/div>\n<div>&nbsp;<\/div>\n<div>ci-apr\u00e8s \u201d l\u2019\u00c9diteur \u201c<\/div>\n<div>&nbsp;<\/div>\n<div>B. Directeur de publication<\/div>\n<div>&nbsp;<\/div>\n<p><\/p>\n<div>Le Directeur de publication est :<\/div>\n<div>Simone Lagrand<\/div>\n<p><\/p>\n<div>Adresse e-mail de contact : contact@pawolotek.com<\/div>\n<p><\/p>\n<div>ci-apr\u00e8s \u201d le Directeur de publication \u201c<\/div>\n<div>&nbsp;<\/div>\n<p><\/p>\n<div>C. H\u00e9bergeur du site<\/div>\n<div>&nbsp;<\/div>\n<p><\/p>\n<div>Le site pawolotek.com est h\u00e9berg\u00e9 par :<\/div>\n<div>&nbsp;<\/div>\n<p><\/p>\n<div>Planethoster dont le si\u00e8ge est situ\u00e9 \u00e0 l\u2019adresse suivante : 4416 Louis B. Mayer, Laval (Qu\u00e9bec) H7P 0G1, Canada<\/div>\n<div>&nbsp;<\/div>\n<p><\/p>\n<div>T\u00e9l\u00e9phone : +33 1 76 60 41 43<\/div>\n<div>&nbsp;<\/div>\n<div>ci-apr\u00e8s \u201d l\u2019H\u00e9bergeur \u201c<\/div>\n<div>&nbsp;<\/div>\n<div>D. Utilisateurs<\/div>\n<div>&nbsp;<\/div>\n<div>Sont consid\u00e9r\u00e9s comme utilisateurs tous les internautes qui naviguent, lisent, visionnent et utilisent le site pawolotek.com.<\/div>\n<div>&nbsp;<\/div>\n<div>ci-apr\u00e8s les \u201d Utilisateurs \u201c<\/div>\n<div>&nbsp;<\/div>\n<div>CONTACT<\/div>\n<div>&nbsp;<\/div>\n<div>Pour tout signalement de contenus ou d\u2019activit\u00e9s illicites, l\u2019Utilisateur peut contacter l\u2019\u00c9diteur \u00e0 l\u2019adresse suivante : contact@pawolotek.com, ou par courrier recommand\u00e9 avec accus\u00e9 de r\u00e9ception adress\u00e9 \u00e0 l\u2019\u00c9diteur aux coordonn\u00e9es pr\u00e9cis\u00e9es dans les pr\u00e9sentes mentions l\u00e9gales.<\/div>\n<div>&nbsp;<\/div>\n<div>Le site pawolotek.com vous souhaite une excellente navigation !<\/div>\n<\/div>\t\t\t\t\t\t\t\t<\/div>\n\t\t\t\t<\/div>\n\t\t\t\t\t<\/div>\n\t\t<\/div>\n\t\t\t\t\t<\/div>\n\t\t<\/section>\n\t\t\t\t<\/div>\n\t\t","protected":false},"excerpt":{"rendered":"<p>Mentions L\u00e9gales Conform\u00e9ment aux dispositions des Articles 6-III et 19 de la Loi n\u00b02004-575 du 21 juin 2004 pour la Confiance dans l\u2019\u00e9conomie num\u00e9rique, dite L.C.E.N., il est port\u00e9 \u00e0 la connaissance des utilisateurs et visiteurs du site pawolotek.com les pr\u00e9sentes mentions l\u00e9gales. &nbsp;Le site pawolotek.com est accessible \u00e0 l\u2019adresse suivante : www.pawolotek.com (ci-apr\u00e8s \u201cle [&hellip;]<\/p>\n","protected":false},"author":1,"featured_media":0,"parent":0,"menu_order":0,"comment_status":"closed","ping_status":"closed","template":"","meta":{"footnotes":""},"class_list":["post-914","page","type-page","status-publish","hentry"],"_links":{"self":[{"href":"https:\/\/pawolotek.com\/index.php\/wp-json\/wp\/v2\/pages\/914","targetHints":{"allow":["GET"]}}],"collection":[{"href":"https:\/\/pawolotek.com\/index.php\/wp-json\/wp\/v2\/pages"}],"about":[{"href":"https:\/\/pawolotek.com\/index.php\/wp-json\/wp\/v2\/types\/page"}],"author":[{"embeddable":true,"href":"https:\/\/pawolotek.com\/index.php\/wp-json\/wp\/v2\/users\/1"}],"replies":[{"embeddable":true,"href":"https:\/\/pawolotek.com\/index.php\/wp-json\/wp\/v2\/comments?post=914"}],"version-history":[{"count":4,"href":"https:\/\/pawolotek.com\/index.php\/wp-json\/wp\/v2\/pages\/914\/revisions"}],"predecessor-version":[{"id":918,"href":"https:\/\/pawolotek.com\/index.php\/wp-json\/wp\/v2\/pages\/914\/revisions\/918"}],"wp:attachment":[{"href":"https:\/\/pawolotek.com\/index.php\/wp-json\/wp\/v2\/media?parent=914"}],"curies":[{"name":"wp","href":"https:\/\/api.w.org\/{rel}","templated":true}]}}